er when 22372 is divided by 139.
132
What is the remainder when 252509 is divided by 19?
18
Calculate the remainder when 716263 is divided by 9.
7
Calculate the remainder when 3125 is divided by 52.
5
What is the remainder when 83131 is divided by 180?
151
Calculate the remainder when 29161 is divided by 192.
169
What is the remainder when 125372 is divided by 154?
16
Calculate the remainder when 81646 is divided by 5831.
12
Calculate the remainder when 3035 is divided by 165.
65
What is the remainder when 9200 is divided by 253?
92
What is the remainder when 10581 is divided by 199?
34
What is the remainder when 8799 is divided by 365?
39
Calculate the remainder when 145617 is divided by 105.
87
Calculate the remainder when 101107 is divided by 3486.
13
Calculate the remainder when 2452 is divided by 138.
106
Calculate the remainder when 14213 is divided by 317.
265
Calculate the remainder when 621 is divided by 13.
10
Calculate the remainder when 2438 is divided by 280.
198
Calculate the remainder when 253815 is divided by 686.
681
What is the remainder when 43537 is divided by 3957?
10
Calculate the remainder when 41291 is divided by 111.
110
What is the remainder when 5434 is divided by 5140?
294
What is the remainder when 6400 is divided by 6385?
15
What is the remainder when 48062 is divided by 46?
38
What is the remainder when 3610 is divided by 46?
22
What is the remainder when 11378 is divided by 174?
68
Calculate the remainder when 5664 is divided by 31.
22
Calculate the remainder when 37332 is divided by 157.
123
What is the remainder when 478919 is divided by 78?
77
What is the remainder when 20007 is divided by 9955?
97
What is the remainder when 905387 is divided by 228?
227
What is the remainder when 13942 is divided by 6967?
8
What is the remainder when 8813 is divided by 639?
506
Calculate the remainder when 10077 is divided by 57.
45
Calculate the remainder when 600 is divided by 540.
60
What is the remainder when 16493 is divided by 132?
125
Calculate the remainder when 1712 is divided by 78.
74
Calculate the remainder when 5012 is divided by 23.
21
What is the remainder when 11238 is divided by 2104?
718
What is the remainder when 1501 is divided by 277?
116
What is the remainder when 139755 is divided by 69873?
9
What is the remainder when 2287 is divided by 923?
441
Calculate the remainder when 2206 is divided by 236.
82
What is the remainder when 39584 is divided by 2194?
92
Calculate the remainder when 25918 is divided by 25877.
41
Calculate the remainder when 30072 is divided by 2609.
1373
Calculate the remainder when 57526 is divided by 136.
134
Calculate the remainder when 2077 is divided by 413.
12
Calculate the remainder when 716 is divided by 354.
8
What is the remainder when 4308970 is divided by 825?
820
Calculate the remainder when 1175 is divided by 552.
71
What is the remainder when 50651 is divided by 42?
41
Calculate the remainder when 75152 is divided by 9363.
248
Calculate the remainder when 1753 is divided by 57.
43
Calculate the remainder when 303996 is divided by 565.
26
What is the remainder when 185145 is divided by 4?
1
Calculate the remainder when 2864 is divided by 129.
26
What is the remainder when 1587 is divided by 303?
72
What is the remainder when 587652 is divided by 81?
78
What is the remainder when 824 is divided by 209?
197
Calculate the remainder when 2428099 is divided by 1159.
1153
What is the remainder when 14187 is divided by 120?
27
What is the remainder when 26005 is divided by 2889?
4
What is the remainder when 371673 is divided by 2429?
36
Calculate the remainder when 636 is divided by 22.
20
Calculate the remainder when 597834 is divided by 94.
88
What is the remainder when 1554600 is divided by 7?
5
Calculate the remainder when 155732 is divided by 23.
22
Calculate the remainder when 7449 is divided by 490.
99
Calculate the remainder when 1269719 is divided by 45.
44
Calculate the remainder when 204522 is divided by 398.
348
Calculate the remainder when 13354 is divided by 6572.
210
Calculate the remainder when 29887 is divided by 321.
34
Calculate the remainder when 7690 is divided by 284.
22
Calculate the remainder when 12031 is divided by 197.
14
Calculate the remainder when 239218 is divided by 7475.
18
Calculate the remainder when 9822 is divided by 17.
13
What is the remainder when 3090 is divided by 1029?
3
What is the remainder when 173 is divided by 25?
23
What is the remainder when 147504 is divided by 3137?
65
Calculate the remainder when 113396 is divided by 3910.
6
Calculate the remainder when 12776 is divided by 423.
86
Calculate the remainder when 208030 is divided by 3.
1
What is the remainder when 130494 is divided by 450?
444
What is the remainder when 29036 is divided by 169?
137
What is the remainder when 4460 is divided by 674?
416
Calculate the remainder when 5645 is divided by 35.
10
What is the remainder when 6882 is divided by 21?
15
Calculate the remainder when 5657 is divided by 1847.
116
Calculate the remainder when 4647 is divided by 1144.
71
Calculate the remainder when 20921 is divided by 3485.
11
Calculate the remainder when 3348 is divided by 31.
0
Calculate the remainder when 7141 is divided by 106.
39
Calculate the remainder when 6353 is divided by 199.
184
Calculate the remainder when 5342 is divided by 248.
134
What is the remainder when 830985 is divided by 31?
30
Calculate the remainder when 3675115 is divided by 735023.
0
Calculate the remainder when 8433 is divided by 1682.
23
Calculate the remainder when 9525 is divided by 4743.
39
Calculate the remainder when 42951 is divided by 32.
7
What is the remainder when 2102 is divided by 344?
38
Calculate the remainder when 7204 is divided by 42.
22
Calculate the remainder when 340018 is divided by 30.
28
What is the remainder when 1416449 is divided by 475?
474
What is the remainder when 4795 is divided by 32?
27
Calculate the remainder when 9898 is divided by 49.
0
What is the remainder when 49909 is divided by 31?
30
Calculate the remainder when 31581 is divided by 458.
437
Calculate the remainder when 95317 is divided by 153.
151
What is the remainder when 5126 is divided by 1696?
38
What is the remainder when 6322719 is divided by 14?
11
Calculate the remainder when 1819 is divided by 165.
4
Calculate the remainder when 20685 is divided by 891.
192
Calculate the remainder when 625853 is divided by 85.
83
What is the remainder when 31030 is divided by 8?
6
What is the remainder when 287095 is divided by 60?
55
Calculate the remainder when 2400679 is divided by 143.
138
What is the remainder when 60768 is divided by 35?
8
What is the remainder when 9767 is divided by 120?
47
What is the remainder when 5510 is divided by 305?
20
What is the remainder when 10853 is divided by 3616?
5
Calculate the remainder when 22516 is divided by 4464.
196
Calculate the remainder when 9337 is divided by 90.
67
What is the remainder when 3376 is divided by 3257?
119
Calculate the remainder when 11387 is divided by 3779.
50
Calculate the remainder when 79956 is divided by 19987.
8
What is the remainder when 1473 is divided by 736?
1
Calculate the remainder when 5559 is divided by 459.
51
What is the remainder when 354567 is divided by 301?
290
Calculate the remainder when 2369 is divided by 99.
92
What is the remainder when 5437 is divided by 935?
762
Calculate the remainder when 25888 is divided by 607.
394
What is the remainder when 8132 is divided by 23?
13
What is the remainder when 9036 is divided by 54?
18
Calculate the remainder when 410296 is divided by 21.
19
What is the remainder when 2615 is divided by 123?
32
What is the remainder when 57731 is divided by 19240?
11
What is the remainder when 35886 is divided by 79?
20
What is the remainder when 76692 is divided by 115?
102
What is the remainder when 128754 is divided by 740?
734
What is the remainder when 104731 is divided by 148?
95
What is the remainder when 1092332 is divided by 869?
868
What is the remainder when 2161 is divided by 99?
82
Calculate the remainder when 2238 is divided by 28.
26
Calculate the remainder when 57188 is divided by 561.
527
What is the remainder when 13901 is divided by 4628?
17
Calculate the remainder when 23816